139
What are the prime factors of 454113?
3, 11, 139
List the prime factors of 20146714.
2, 7, 31, 61, 761
List the prime factors of 4253947.
43, 98929
What are the prime factors of 100577?
43, 2339
What are the prime factors of 4287738?
2, 3, 7, 13, 7853
List the prime factors of 173805.
3, 5, 11587
List the prime factors of 5887258.
2, 13, 226433
What are the prime factors of 111674?
2, 55837
List the prime factors of 3052678.
2, 1526339
List the prime factors of 14543864.
2, 61, 29803
List the prime factors of 1384004.
2, 17, 20353
What are the prime factors of 1334544?
2, 3, 27803
List the prime factors of 773106.
2, 3, 269, 479
List the prime factors of 2436645.
3, 5, 61, 2663
List the prime factors of 2353982.
2, 59, 19949
What are the prime factors of 1925296?
2, 120331
List the prime factors of 358906.
2, 179453
What are the prime factors of 399813?
3, 133271
What are the prime factors of 4856501?
13, 397, 941
List the prime factors of 676589.
676589
List the prime factors of 129475.
5, 5179
What are the prime factors of 349382?
2, 11, 15881
List the prime factors of 20088927.
3, 1193, 1871
What are the prime factors of 32049?
3, 1187
List the prime factors of 14538879.
3, 271, 1987
List the prime factors of 611194.
2, 305597
List the prime factors of 2492769.
3, 830923
List the prime factors of 3618542.
2, 1809271
List the prime factors of 236030.
2, 5, 23603
What are the prime factors of 293322?
2, 3, 19, 31, 83
What are the prime factors of 1393914?
2, 3, 29, 8011
What are the prime factors of 105448?
2, 7, 269
List the prime factors of 66749.
66749
What are the prime factors of 670087?
11, 60917
What are the prime factors of 1692544?
2, 7, 1889
List the prime factors of 336211.
336211
What are the prime factors of 2429352?
2, 3, 23, 163
What are the prime factors of 2179126?
2, 1089563
What are the prime factors of 782094?
2, 3, 130349
List the prime factors of 5947510.
2, 5, 594751
List the prime factors of 625278.
2, 3, 23, 197
What are the prime factors of 29248?
2, 457
List the prime factors of 22082.
2, 61, 181
List the prime factors of 1287317.
53, 107, 227
List the prime factors of 1004117.
1004117
What are the prime factors of 4030296?
2, 3, 307, 547
What are the prime factors of 8305601?
229, 36269
What are the prime factors of 3992612?
2, 13, 76781
What are the prime factors of 261662?
2, 41, 3191
What are the prime factors of 1094910?
2, 3, 5, 36497
What are the prime factors of 949470?
2, 3, 5, 31649
List the prime factors of 3575648.
2, 19, 5881
List the prime factors of 788912.
2, 49307
What are the prime factors of 1603869?
3, 89, 6007
What are the prime factors of 3243327?
3, 229, 4721
List the prime factors of 995581.
19, 61, 859
List the prime factors of 91105.
5, 7, 19, 137
List the prime factors of 101038.
2, 7, 1031
What are the prime factors of 5144876?
2, 11, 116929
List the prime factors of 89288.
2, 11161
List the prime factors of 588321.
3, 131, 499
What are the prime factors of 63646?
2, 11, 263
List the prime factors of 10255701.
3, 79, 109, 397
List the prime factors of 64427.
11, 5857
What are the prime factors of 911342?
2, 43, 10597
List the prime factors of 9269.
13, 23, 31
What are the prime factors of 1336515?
3, 5, 89101
List the prime factors of 5091199.
5091199
List the prime factors of 539700.
2, 3, 5, 7, 257
What are the prime factors of 8766928?
2, 37, 59, 251
What are the prime factors of 15129460?
2, 5, 149, 5077
What are the prime factors of 26377084?
2, 6594271
What are the prime factors of 263506?
2, 359, 367
What are the prime factors of 54302?
2, 19, 1429
What are the prime factors of 483726?
2, 3, 80621
List the prime factors of 18656.
2, 11, 53
List the prime factors of 51747.
3, 47, 367
What are the prime factors of 437617?
47, 9311
What are the prime factors of 3754298?
2, 241, 7789
List the prime factors of 4408784.
2, 275549
List the prime factors of 243127.
37, 6571
What are the prime factors of 4521640?
2, 5, 113041
What are the prime factors of 7421187?
3, 29, 197, 433
List the prime factors of 121754.
2, 17, 3581
What are the prime factors of 6888060?
2, 3, 5, 17, 2251
What are the prime factors of 29536777?
307, 96211
What are the prime factors of 13544782?
2, 6772391
What are the prime factors of 18708683?
7, 23, 29, 4007
What are the prime factors of 81062?
2, 40531
List the prime factors of 1562842.
2, 67, 107, 109
What are the prime factors of 20449759?
11, 17, 109357
What are the prime factors of 1171958?
2, 19, 30841
List the prime factors of 2074131.
3, 317, 727
List the prime factors of 74427.
3, 24809
List the prime factors of 249901.
269, 929
List the prime factors of 4807946.
2, 11, 13, 16811
What are the prime factors of 4310987?
173, 24919
List the prime factors of 497882.
2, 7, 11, 53, 61
What are the prime factors of 13226327?
43, 307589
What are the prime factors of 3434?
2, 17, 101
What are the prime factors of 814474?
2, 283, 1439
List the prime factors of 163222.
2, 81611
List the prime factors of 526894.
2, 463, 569
List the prime factors of 626021.
11, 56911
What are the prime factors of 1636438?
2, 818219
What are the prime factors of 7864001?
83, 94747
List the prime factors of 10228.
2, 2557
List the prime factors of 1895.
5, 379
List the prime factors of 235968.
2, 3, 1229
List the prime factors of 166677.
3, 7, 7937
List the prime factors of 230121.
3, 947
What are the prime factors of 13074695?
5, 23, 41, 47, 59
What are the prime factors of 3261682?
2, 1630841
List the prime factors of 4693437.
3, 7, 19, 1307
List the prime factors of 86412.
2, 3, 19, 379
List the prime factors of 782446.
2, 7, 55889
List the prime factors of 12176250.
2, 3, 5, 17, 191
List the prime factors of 1206774.
2, 3, 67043
What are the prime factors of 442056?
2, 3, 113, 163
What are the prime factors of 24437917?
7, 498733
List the prime factors of 523403.
523403
What are the prime factors of 392362?
2, 196181
List the prime factors of 8745446.
2, 17, 257219
What are the prime factors of 226042?
2, 113021
List the prime factors of 103732.
2, 25933
List the prime factors of 8882064.
2, 3, 61681
List the prime factors of 1643818.
2, 11, 74719
List the prime factors of 2096336.
2, 11, 43, 277
What are the prime factors of 18330412?
2, 419, 10937
List the prime factors of 1691380.
2, 5, 19, 4451
List the prime factors of 4596276.
2, 3, 383023
What are the prime factors of 208626?
2, 3, 11, 29, 109
What are the prime factors of 162472?
2, 23, 883
List the prime factors of 6955680.
2, 3, 5, 43, 337
List the prime factors of 43580.
2, 5, 2179
What are the prime factors of 9878899?
9878899
What are the prime factors of 250658?
2, 125329
List the prime factors of 7837659.
3, 353, 2467
What are the prime factors of 184842?
2, 3, 7, 163
List the prime factors of 1164370.
2, 5, 116437
What are the prime factors of 665310?
2, 3, 5, 67, 331
What are the prime factors of 7632?
2, 3, 53
List the prime factors of 3704934.
2, 3, 31, 19919
What are the prime factors of 43114?
2, 21557
What are the prime factors of 482996?
2, 120749
List the prime factors of 133673.
133673
List the prime factors of 1603798.
2, 7, 97, 1181
List the prime factors of 841475.
5, 97, 347
What are the prime factors of 3153494?
2, 1576747
List the prime factors of 1086263.
1086263
What are the prime factors of 243755?
5, 48751
What are the prime factors of 161654?
2, 131, 617
What are the prime factors of 144174?
2, 3, 24029
What are the prime factors of 4425307?
4425307
List the prime factors of 110040.
2, 3, 5, 7, 131
List the prime factors of 9559823.
7, 13, 8081
What are the prime factors of 95064?
2, 3, 17, 233
List the prime factors of 44435.
5, 8887
List the prime factors of 6317592.
2, 3, 29, 313
What are the prime factors of 1061576?
2, 132697
What are the prime factors of 8147072?
2, 63649
What are the prime factors of 31108316?
2, 137, 56767
What are the prime factors of 4264813?
7, 87037
List the prime factors of 1799235.
3, 5, 39983
What are the prime factors of 1844874?
2, 3, 17, 6029
What are the prime factors of 8787876?
2, 3, 732323
What are the prime factors of 507989?
97, 5237
What are the prime factors of 1051485?
3, 5, 70099
What are the prime factors of 991788?
2, 3, 7, 11807
List the p